*5. Calculate h(o).
15
Let z(s) be the second derivative of -s**5/20 + 13*s**4/12 - 19*s**3/6 - s**2/2 + 3*s - 108. Determine z(11).
32
Let k(b) = -3*b**3 - 116*b**2 - 72*b - 102. Let j(y) = -y**3 - 35*y**2 - 24*y - 34. Let o(p) = -7*j(p) + 2*k(p). What is o(-11)?
12
Let a(l) = l**2 - 24. Let v = 8674 - 8669. Determine a(v).
1
Let k = 1 + -2. Let q(m) = 0*m**3 - 3*m**3 - 1 + 16965*m - m**2 - 33974*m + 0*m**2 + 17007*m. Give q(k).
3
Suppose 5*y - 6*y = -u + 11, 4*u - 2 = -3*y. Let z(n) = n**2 - 23. Determine z(u).
2
Let z(t) = -5*t + 104. Let w(k) = k**3 + 15*k**2 - 145*k - 46. Let x be w(7). Calculate z(x).
19
Let f(u) = 111*u + 112*u + 101*u + 235 - 301*u. Give f(-10).
5
Let g(x) be the second derivative of 29*x**5/5 + x**4/12 + 1056*x. Give g(-1).
-115
Let x = -5090 + 5093. Let l(o) = -4*o**2 + 8*o - 17. Calculate l(x).
-29
Let z(a) = -a**2 - 9*a + 9. Suppose 0 = 717*g - 697*g + 180. What is z(g)?
9
Let y(f) = -7*f**3 - 7*f**2 - 4*f - 1. Let r(l) = 3*l**3 + 3*l**2 + l. Let t(h) = 5*r(h) + 2*y(h). Suppose -21*d - 7 = 35. Determine t(d).
0
Let x(z) be the second derivative of -1/2*z**2 - 28 - 5/12*z**4 + 7/6*z**3 + 3*z - 1/20*z**5. Calculate x(-6).
-7
Let r(s) be the first derivative of 3*s**2/2 - 74*s + 1160. Give r(23).
-5
Let d(o) = -3*o**3 - 6*o**2 + o - 10. Let g = 186 + -182. Let q(m) = 5*m**3 + 12*m**2 - 3*m + 19. Let i(n) = g*q(n) + 7*d(n). Give i(5).
6
Let w = 19 + -19. Let d(n) = n**2 + n - 4. Let t be d(w). Let i(u) = -7*u - 6. Let l(x) = x + 1. Let c(p) = -i(p) - 6*l(p). Give c(t).
-4
Let l(q) be the third derivative of -4*q**2 - 7/6*q**3 + 1/60*q**5 - 1/3*q**4 + 0*q + 0. What is l(8)?
-7
Let q(l) = 2*l - 2 - l**2 + 5*l**2 - 4*l**3 + 3*l**3. Suppose 8*t = -3*h - 49, -3*t + 12 = 3*h + 21. What is q(h)?
-17
Let n = -16127 - -16127. Let h(o) be the third derivative of 1/8*o**6 + n*o**5 + 0*o + 0*o**3 + 0 - 6*o**2 + 1/24*o**4. What is h(-1)?
-16
Suppose r - 3*q = -12, 257*r + 4*q - 16 = 259*r. Let p(n) = n**2 + 8*n - 23. Give p(r).
-23
Let t(i) be the second derivative of -i**4/24 + i**3/3 - 213*i**2/2 - 56*i. Let k(r) be the first derivative of t(r). Calculate k(-5).
7
Let z be ((-54)/45)/(2/(-5)). Let m = 10 - 6. Let f(c) = 2*c - z*c + 1 + m*c + c. Give f(-1).
-3
Suppose x - 4*t = -2*x + 798, -1068 = -4*x + 4*t. Suppose 29*i - 11*i - x = 0. Let j be 24/(-10)*(-50)/i. Let n(k) = -k - 5. What is n(j)?
-13
Let y = -374 - -382. Suppose y*v + 4*m = 3*v - 38, 2*m + 16 = -2*v. Let w(s) = -26*s - 44. Let a(n) = 9*n + 15. Let q(r) = -17*a(r) - 6*w(r). What is q(v)?
-9
Let l(s) = -2*s + 4. Suppose 3*i - 8 - 1 = 0. Suppose 3*k + 2*q = -1, 0 = -i*k - 5*q + 15 - 4. Let j be k - (-3 - (-2 - -6)). Give l(j).
-4
Let o(w) = -27*w**2 - 15*w + 13. Let y be 16/6*(-27)/(-12). Let b(d) = 51479*d + 14*d**2 + 51477*d - 7 - 102948*d. Let i(p) = y*o(p) + 11*b(p). What is i(1)?
-9
Suppose 0*k - 2*k = c - 7, c - 9 = -3*k. Let v(n) = n**3 - 8*n**2 - n + 8. Let m(z) = z**2 + z - 2. Let t(h) = 5*m(h) + v(h). What is t(c)?
10
Let k = 6 + -3. Let c be 5/(((-135)/6)/(-9)). Let d(m) = -5*m**2 + c*m**2 + 0*m**3 - 4 + 3*m + m**3. Give d(k).
5
Suppose 0 = -487*k + 502*k - 120. Let q(a) be the second derivative of -a**4/12 + 3*a**3/2 - 9*a**2/2 - 2*a. What is q(k)?
-1
Let g(z) be the first derivative of -5*z**2 - 104*z - 8425. Determine g(-15).
46
Let y(a) be the second derivative of a + 0*a**2 + 17/6*a**3 - 24. Calculate y(1).
17
Suppose 14 = 3*d + w, -3*w - 6 = -12. Let m(q) = q**3 + q**2 + 1. Let o be m(2). Let c = o - d. Let u(g) = g**3 - 10*g**2 + 8*g - 6. Calculate u(c).
-15
Let w(s) = -s**3 + 3*s - 2. Let x(g) = 2*g**3 - 6*g + 3. Let q = 442 + -447. Let f(u) = q*w(u) - 2*x(u). Determine f(-3).
-14
Let j be 1 - 9 - (-132 + 120). Let u(f) = -f**3 + f**2 - 4*f - 3. Determine u(j).
-67
Let s(h) = 7*h**2 - 7*h**2 + 22*h**3 + 2*h**2 - 1. Let p be 34/10 - (-18)/(-45). Let q = p - 4. Give s(q).
-21
Suppose -516*i + 1820 = -451*i. Let g(r) = -r + 88. Give g(i).
60
Let r(v) = 5*v**2 + 2*v - 66. Suppose 17 = k + 28. Let w(t) = t**2 - 13. Let u(d) = k*w(d) + 2*r(d). What is u(7)?
-10
Let u(s) = s**3 - 16*s**2 + 17*s - 1. Let j(y) = 4*y**3 - 50*y**2 + 53*y - 2. Let p(k) = 4*j(k) - 14*u(k). What is p(-13)?
6
Let h(q) be the first derivative of -8*q + 17 - 3*q**2 + 1/2*q**3. Let y(a) be the first derivative of h(a). What is y(4)?
6
Suppose 3*l + 3*v + 21 - 183 = 0, -v = -2*l + 93. Let y(b) = -51 + l - b + 3*b. Suppose 13*k - 24 + 102 = 0. What is y(k)?
-14
Suppose 302*v - 301*v - 5*r = 23, 0 = -2*v + 3*r + 11. Let w(k) = -28*k**2 + 4*k + 4. What is w(v)?
-116
Suppose 2*d + 152 = 48. Let m = -31 - d. Suppose 0*u - 3*u = m. Let i(s) = -s**2 - 7*s - 7. Calculate i(u).
-7
Let p(b) be the first derivative of 4*b**2 - 25*b + 911. What is p(3)?
-1
Suppose -16*m - 306 = -1826. Let s = m + -96. Let u(a) = -7*a. Let w(g) = -216*g. Let y(o) = 63*u(o) - 2*w(o). Give y(s).
9
Suppose -2*w - 2619 = -2615. Let a(i) = 44*i**2 + 86*i + 1. What is a(w)?
5
Let s(w) = w**2 - 5*w - 23. Suppose -13646 = -52*v - 13126. What is s(v)?
27
Let m(i) = 181*i**3 + 8*i**2 - 7*i + 4. Let x(u) = 14*u**3 + 1. Let j(s) = m(s) - 13*x(s). What is j(4)?
27
Let h(t) = -3*t + 9. Let d(y) = -9*y + 15. Let g(v) = 17*v - 31. Let i = -67 + 74. Let q(j) = i*d(j) + 4*g(j). Let x(u) = 7*h(u) + 4*q(u). Determine x(-10).
-3
Let y(r) be the third derivative of r**6/120 - 4*r**5/15 - 3*r**4/2 - 5*r**3/2 + r**2 + 576*r - 1. Calculate y(18).
-15
Let r(i) = 2*i + 1. Let d = 51 + -46. Suppose 0 = d*v + 4*o + 7, 2*o - 9 = v - o. Let f be r(v). Let c(x) = x**3 + 6*x**2 + 5*x - 7. Give c(f).
-7
Let l(n) = n**2 - 6*n + 6. Let p be -14 + 12 + 0 + 4 + 1. Determine l(p).
-3
Let r(c) = -c**3 - 4*c**2 + c - 3. Let q be -5*(-1)/(-5)*0 - (-20)/(-4). Calculate r(q).
17
Let i(f) = -4294 + 4282 + 11*f**2 - 5*f**3 + 11*f + 4*f**3. Calculate i(12).
-24
Suppose -7 = -3*g + 4*m, 331 = -4*g + 5*m + 341. Let d(a) be the third derivative of 0 + 1/6*a**3 + 0*a - 1/60*a**g + 26*a**2 + 7/24*a**4. Give d(7).
1
Let k(d) be the first derivative of 9*d**2/2 + 22*d + 50. What is k(-2)?
4
Let h(q) = q**3 - 7*q**2 + 11*q - 15. Let i(s) = -5*s + 36. Let x be i(6). Let d be h(x). Let u(w) = -d*w + 8*w + 6*w + 10. Calculate u(5).
5
Let d(w) = 11*w**2 + 9*w - w**3 + 0*w - 7*w**2 - 3*w - 10*w. Let u = 0 + 5. Suppose 0 = -v - 3*z + 4 + u, -3*v = -5*z + 1. Determine d(v).
-3
Suppose 37*o - 19*o - 70 = 28*o. Let r(k) = 3*k**2 + 11*k + 6. Give r(o).
76
Let u be ((-8)/3 - -3)*333. Let l(c) = -u*c - 1 + 51*c + 54*c. Give l(-4).
23
Let m(v) = v**2 + 2*v - 5. Let b = 87 + -84. Suppose h + 1 = -b. Calculate m(h).
3
Let b be (-76)/8 + -6*(-30)/72. Let v(y) = y + 11. What is v(b)?
4
Let k(p) be the first derivative of -4*p**2 + 1 - 3*p - 1/3*p**3. Let i be 2/(-4 + 2)*(5 + 1). Give k(i).
9
Let a = -21 + 27. Let g be -2*(-2 - -3*3/a). Let f(b) = -8*b**2 + 2*b - 1. Calculate f(g).
-7
Suppose 2*b + b = 9. Let l(t) = 3*t**2 + b*t - 2*t**2 - 2 - 2*t**2. Let r(i) = -12*i**2 + 10*i + 4. Let n be r(1). What is l(n)?
0
Let y(c) be the second derivative of c**3/6 + 3*c**2/2 - 9*c. Let i = -38 + -5. Let z = i - -37. What is y(z)?
-3
Let h(x) = 4*x**2 - 58*x + 90. Let g(b) = 2*b**2 - 30*b + 45. Let z(f) = -9*g(f) + 4*h(f). Let m be z(18). Let v(w) = -w**2 - 10*w + 7. Determine v(m).
16
Let q(m) = 7*m + 2. Let y(d) = -20*d - 5. Let x(u) = 11*q(u) + 4*y(u). What is x(3)?
-7
Let v(g) = 18*g**2 - 10*g + 11. Let y(q) = -16*q**2 + 8*q - 11. Let r(x) = 6*v(x) + 7*y(x). Give r(-3).
-35
Let v(q) = 2*q + 1. Let j(x) = -9*x + 23. Let g(a) = j(a) + 6*v(a). Calculate g(-6).
11
Suppose 89*x + 3108 = -170*x. Let a(n) = n**3 + 13*n**2 + 13*n - 8. What is a(x)?
-20
Let i(a) = -11 - 4 - 6449*a + 4 - 15 + 6462*a. Give i(6).
52
Suppose 0 = 2*u + 24 - 8. Let b(q) = 5566*q**2 + 9 - 10*q + 0*q - 11125*q**2 + 5557*q**2. Determine b(u).
-39
Let v = -67 + 129. Let f = v - 51. Let i = 12 - f. Let c(s) = 25*s**2 - 1. Give c(i).
24
Let g(o) be the first derivative of -o**3/6 - 9*o**2 - 115*o - 156. Let n(d) be the first derivative of g(d). Determine n(-7).
-11
Let x(o) = 3*o**2 - 1. Let z(c) = -20*c**2 + 13*c - 4. Let y(s) = 57*s**2 - 39*s + 14. Let m(g) = 6*y(g) + 17*z(g). Let j be m(5). Give x(j).
2
Suppose 69 = 79*m + 543. Let j(t) = -2*t**2 + 5*t + 11. Calculate j(m).
-91
Let c(g) = -3*g**2 + g + 2. Suppose 41 = 